. Is g(f) prime?
True
Let l(a) = 2*a**3 - 12*a**3 - 8*a + 9*a**3 + 5*a**2 + 2*a**3 - 6. Let z = -4 - 2. Is l(z) composite?
True
Let d(j) = -j + 11. Let m be d(8). Suppose 110 = 2*c + m*c. Suppose 5*i - c = -f - 3, -i + 1 = 0. Is f a prime number?
False
Let o be (1 + (-3)/2)*626. Let f = -164 - o. Is f composite?
False
Suppose -4*f - 4*f + 5384 = 0. Is f composite?
False
Let k be (-163)/((-3)/6 - -1). Let q = 351 - k. Is q a prime number?
True
Let d be 16*(-2 + (-3)/(-2)). Let u = d - -6. Is u/(-8) - 1014/(-8) a prime number?
True
Let s(a) = a**3 + 13*a**2 + 12*a - 5. Let y be s(-12). Let w = y + 8. Suppose 3*k - w*p = 114, -6*p = k - 2*p - 23. Is k a composite number?
True
Suppose 2*k = 4*b + 14, 0 = 2*b + 9 + 1. Suppose 14 = 2*g - h + 1, -2*h - 35 = -5*g. Is (14/(-3))/(k/g) a composite number?
True
Let u be 2/(-6) - 8/(-6). Let a be (1/u)/(2/(-6)). Let k = 6 + a. Is k composite?
False
Suppose -2*b + 17 = -5*l - 76, 5*l = 25. Is b prime?
True
Let m(n) = -n**3 + 4*n**2 + 6*n - 2. Let y be m(5). Suppose 6*d + 0*d - 354 = 0. Suppose 0 = -3*g - g + y*f + 70, 3*g + f = d. Is g a composite number?
False
Let p be (-403)/(-2)*8/4. Suppose -2*t + 3*r - 84 = -p, -3*t + 2*r = -481. Is t composite?
True
Suppose -52 - 4 = -2*k. Let i = 40 - k. Suppose -i = -2*f - 2*f. Is f a composite number?
False
Suppose 4*l + 896 = 2524. Is l a composite number?
True
Let j(l) = -l**2. Let b(d) = -4*d**2 + 13*d - 11. Let q(v) = b(v) - 3*j(v). Is q(10) prime?
True
Let q(p) = p**2 + 6*p - 7. Let a be q(-6). Let c be -1 - -1 - (2 + a). Suppose 3*u - 1 - c = 0. Is u prime?
True
Suppose -1477 = -5*m + 4*m. Is m a composite number?
True
Suppose -w = -5*u + 2*u + 3, -u = 5*w + 15. Suppose u = 5*n - 30 - 155. Is n a prime number?
True
Let g be 2/4 + 4/(-8). Is 194/4*(g + 2) a composite number?
False
Suppose 644 = -7*j + 11*j. Is j a prime number?
False
Let h(o) = -7*o**3 + 3*o**2 + 3*o - 7. Let z(c) = 4*c**3 - c**2 - c + 3. Let t(l) = 5*l. Let j be t(1). Let m(q) = j*z(q) + 3*h(q). Is m(4) composite?
True
Let h(n) = 32*n**3 + 3. Let a(m) = 96*m**3 + 10. Let t(j) = 2*a(j) - 7*h(j). Is t(-1) a composite number?
False
Let r(u) = -u**2 + 4*u + 6. Let l be r(5). Is -1*(l - -6)*-5 a prime number?
False
Suppose i - 4*f + 0 = -2, 2*i - 9 = -5*f. Suppose 5*s - 172 = 4*h - i*h, -h + 33 = s. Is s composite?
True
Let g(s) = -450*s + 73. Is g(-12) a prime number?
False
Suppose 4*q = 3*a + 26, -5*a - 48 = -q - q. Is ((-5)/a)/(2/148) a prime number?
True
Let k be 0 - 0/((-3)/1). Suppose k = 3*f + f + 8. Is -1 + 13 + f/1 a prime number?
False
Suppose 2*y = 6, -2*o = -3*o - 3*y + 200. Is o a prime number?
True
Suppose -3*d + 26 = -d. Suppose d - 1 = 3*i. Suppose -5*j = -i*j - 14. Is j composite?
True
Let u be 1/((-3)/(-6)) + -83. Suppose -165 = 2*z - 5*o + 194, -4*z = -4*o + 700. Let w = u - z. Is w a prime number?
False
Suppose -2*w = -5*b + 316, -b = b - 3*w - 122. Let x be 531/(-12) - 6/8. Let y = b + x. Is y a composite number?
False
Suppose -3*z - 47 = -p + 6*p, 0 = 2*z + p + 29. Let a = z + 67. Is a composite?
False
Let y(p) = -3 + 2*p**3 + 5*p**2 - 3*p - p**3 - 2 - 5*p. Let x be y(-6). Let o(l) = l**3 - 5*l**2 - 5*l - 4. Is o(x) a prime number?
True
Is (30/12)/((-2)/(-3964)) a prime number?
False
Let n = -560 - -1149. Suppose 0 = -4*f - 2*q + n + 729, -3*q + 653 = 2*f. Is f composite?
False
Let u = 0 + 4. Suppose 5*y = u*y + 1. Suppose 3*n + 46 = b, 87 + y = 3*b + n. Is b composite?
False
Suppose f - 8*b = -3*b + 831, 5*f - 2*b - 4247 = 0. Is f composite?
True
Let g = 2 - 0. Is (13 + g)*2/5 prime?
False
Suppose 991 = -10*u + 11*u. Is u prime?
True
Let j = 2989 + 4726. Is j a composite number?
True
Suppose 0 = i - 2*y + 13, 3*i = 4*i + 5*y - 8. Is (-4)/14 + (-555)/i a prime number?
True
Let u = 1615 - 624. Is u a prime number?
True
Let f = 95 - 62. Suppose f = 2*b - 29. Is b composite?
False
Let h = 10 + -12. Is 1*(h - 495/(-3)) composite?
False
Let i(k) = 22*k - 2. Let p be i(6). Let x = -1 - -1. Suppose 2*b - 4*b + p = x. Is b a prime number?
False
Let o be ((-6)/5)/(18/(-60)). Suppose 2*v = -o*w + 26, 4*w - 5*v = 14 + 19. Is w composite?
False
Let c be (6/5)/(1/(-5)). Let x(j) = -20*j - 1. Let m(t) = 19*t + 1. Let o(l) = c*m(l) - 5*x(l). Is o(-1) a composite number?
False
Let t be 1*(2 + (-4)/2). Suppose 0 = -y + 7 - t. Is y composite?
False
Let l(h) be the first derivative of h**6/360 + h**5/24 + 5*h**4/12 + h**3 - 3. Let f(s) be the third derivative of l(s). Is f(-9) prime?
False
Let a(f) = -f**3 + 4*f**2 + f + 1. Let p be a(4). Suppose 350 = p*q - g, g + 0*g = -4*q + 271. Is q prime?
False
Let h = -1 + 6. Suppose -h*i + 90 = -365. Is i a composite number?
True
Let m(x) = -x + 11. Let w(d) = -d**2 + 1. Let s be w(1). Is m(s) a prime number?
True
Let u(q) = 4*q - 4*q - 33 - 3*q. Let n(p) = p. Let f(r) = -4*n(r) - u(r). Is f(0) prime?
False
Let s = -451 - -1814. Is s prime?
False
Let b(q) = 20*q**3 - 2*q**2 - 6*q - 1. Is b(3) a prime number?
True
Let g = -7 - -8. Is (-808)/(-12) + g/(-3) prime?
True
Suppose -6*w = -w + 4*s - 31, 4*w - 32 = -5*s. Suppose 0*h - 20 = -4*h. Suppose -h*q + 53 = 3*p - 350, -4*q + w*p = -344. Is q composite?
False
Suppose 6*s + 1652 - 5798 = 0. Is s a composite number?
False
Let g(a) = -a**3 - 4*a**2 - 2*a - 4. Let j be g(-5). Let b be (1*6)/3 + -2. Suppose b = -3*s + j + 86. Is s prime?
False
Let h(q) = -2*q - 8. Let d be h(-6). Let y = 6 - d. Suppose -102 = -5*n + y*n. Is n prime?
False
Let u = -16 + 10. Let d be 3/((-45)/u)*5. Let x = 1 + d. Is x composite?
False
Let k be -1 - ((-4)/2 - -3). Is k/(-10) + 664/5 prime?
False
Suppose 5*a - 4*y - 3587 - 970 = 0, 1818 = 2*a - 4*y. Is a prime?
False
Suppose -7*q + 3*q + 12 = 0. Suppose -2 = q*o - 2*u - 16, 0 = 4*o + 4*u + 8. Suppose 3*s - 45 = -o*s. Is s a prime number?
False
Let x(o) = 3*o**3 - 11*o**2 - 11*o - 8. Is x(11) composite?
True
Is (3771/27)/((-2)/(-6)) composite?
False
Suppose -3*v = -175 - 11. Is v prime?
False
Suppose -s + 132 = -1251. Is s composite?
True
Suppose 20 = 2*a + 3*a. Suppose -2*m = 5*r - 17, r + 2 = 3*r - a*m. Is r prime?
True
Let p(z) be the third derivative of -65*z**4/24 + z**3/6 - 6*z**2. Is p(-2) composite?
False
Let b be 0 + 0 - (-4 - -64). Let p be 18/12*(-4)/3. Is (23/p)/(6/b) a composite number?
True
Let h(m) = m**3 - 11*m**2 + 11*m - 9. Let v be h(10). Let z be (3 - v) + 2 + 0. Suppose -189 = -5*f + j + 271, f - 71 = -z*j. Is f composite?
True
Is (-623 - -1)*25/(-10) prime?
False
Suppose 5*m + 7 = 22. Is (-1)/m - 2004/(-18) a composite number?
True
Let t be 0/((-2 - 1) + 2). Suppose -n + 2 = -t. Let z = 17 + n. Is z composite?
False
Suppose -5*o + 4*g + 31 = 0, 4*o - 2*g = -4*g + 30. Is 91 - (-2 + -3 + o) a prime number?
True
Let l(v) = 5*v - 8*v**3 + 33*v**3 - 1 - 3*v - v**2. Is l(1) a composite number?
True
Is 15270/34 + 20/(-170) a composite number?
False
Let t(i) = -i**3 - 3*i**2 - i. Let m be t(-4). Is ((-62)/(-4))/(10/m) a composite number?
False
Let f(z) = -4*z - 48. Let b(v) = v**2 - 8*v - 4. Let c be b(9). Let t(y) = -5*y - 47. Let i(o) = c*t(o) - 6*f(o). Is i(0) a prime number?
True
Suppose 12 = -2*u + 5*u. Suppose -w - 6 = u*d + w, 3*d - w = 3. Suppose d = -h - h + 110. Is h composite?
True
Let h(a) = -a**2 + 2. Let v be h(0). Let p be (-4)/8*(1 - -1). Is 1*p/(v/(-20)) composite?
True
Let h = -3 - 3. Let f = h + 6. Suppose 4*b + 5*v - 42 - 30 = f, 5*v = -2*b + 46. Is b prime?
True
Let s be (-220)/(-4) + (-1 - -2). Let v be s/(-6)*6/(-4). Is 4/v - 12/(-7) a prime number?
True
Let a = -4 + 34. Suppose -4*r + 30 = -a. Is r a prime number?
False
Suppose 0 = 4*n - 113 - 355. Let q = n + -32. Is q prime?
False
Let i be 399/9 + (-2)/(-3). Let v = i + -23. Let o = -15 + v. Is o a prime number?
True
Let p = 14 - 14. Suppose p = -4*k + k + 2*r + 403, -5*r + 368 = 3*k. Is k a composite number?
False
Let u be (-3)/6 + (-2)/(-4). Suppose u = 2*v - h - 437, -2*v - 663 = -5*v + 4*h. Is v composite?
True
Let n be (4/5)/((-12)/90). Let i = 4 + n. Let v(w) = -20*w - 2. Is v(i) a prime number?
False
Suppose -2 = -t - 8. Let r = t + 9. Suppose -r*b = -b - 74. Is b a composite number?
False
Let t be ((-8)/10)/(1/(-5)). Let s be (-5)/(5/(-2)) + 3. Suppose -t*w - s*d = -74, 2*d = 2*w - 2*d - 50. Is w prime?
False
Suppose -2*w + 92 = -0*w. Suppose y + 2*d + 2*d = 5, d + w = 5*y. Suppo